 i(f). What is the greatest common factor of 6 and q?
3
Let r be -2 - (-4)/(-8)*-10. Calculate the greatest common factor of 9 and r.
3
Let x(k) = k - 7. Let g be x(8). What is the highest common divisor of 5 and g?
1
Let i = -9 - -12. What is the highest common factor of i and 9?
3
Let d(a) = -10*a + 6. Let r be d(5). Let k = -27 - r. Let o be -5 + 2 - 1*-156. What is the highest common divisor of o and k?
17
Let l(k) = 40*k. Let a be l(2). Let p(q) = q - 10. Let h be p(0). Let j be 567/35 + 2/h. What is the greatest common divisor of a and j?
16
Let d = 83 + 205. Suppose 4*m = 2*a + d, 3*a + 359 = 2*m + 3*m. Suppose -3*k = 5*h - m, -2*h - 2*k + 26 = -0*k. What is the greatest common divisor of 85 and h?
17
Let y = 8 + -17. Let d = y - -15. Calculate the highest common divisor of d and 15.
3
Let i be 323/5 + 2/5. Let n = i + -37. Let d be 14/(-3 + -1 + 6). Calculate the highest common factor of d and n.
7
Let p be ((-16)/12 - -2)*(-42)/(-4). Let h = -2 - -1. Let w(i) = -57*i**3 - i**2 - i - 1. Let b be w(h). Calculate the highest common divisor of b and p.
7
Let m = 58 - 50. What is the highest common divisor of 16 and m?
8
Suppose 2*v - 2 = 3*w, -3*w + 4 = 3*v + 1. Suppose 0 = 3*g + g - 12. Let i be (-3)/g - (-36)/3. Calculate the greatest common divisor of v and i.
1
Let u(i) = -14*i - 6. Let h be u(-4). What is the greatest common divisor of 20 and h?
10
Suppose -3*w + 613 + 347 = 0. What is the greatest common divisor of 40 and w?
40
Suppose 964 = 5*d + 4*v, d = -2*v + 5*v + 189. What is the highest common divisor of 24 and d?
24
Let w be ((-4)/8)/((-1)/4). Suppose 4*h + t - 29 = 0, 0*t - 13 = w*h - 5*t. Calculate the highest common divisor of 48 and h.
6
Let f = -3 + 10. Suppose 5 - f = -b. Suppose m + m - b = 0. Calculate the highest common factor of 8 and m.
1
Let l(g) = -3*g - 5*g**3 + 5*g**2 + 4*g + 1 - 4*g**2. Let y be l(-1). What is the greatest common divisor of y and 6?
6
Let k(v) = -v + 2. Let g be k(-2). Suppose -10 = -5*a - 0, g*a = -5*r - 27. Let u = r - -61. What is the greatest common divisor of u and 6?
6
Suppose 0 = 5*r + 5 - 30. Let u be 4 + -4 - (1 - -2). Let h be 0 + (-2)/(-4 - u). Calculate the highest common factor of r and h.
1
Suppose 4*p = -2*r + 30, 5*p = -2*r + 13 + 19. Let s be 2 + 1 + r - 2. Suppose -36 = i - 2*i. Calculate the greatest common divisor of i and s.
12
Suppose p + 2*g - 13 = -43, -3*g = p + 29. Suppose 5*n = -2*b + 89, -145 = -0*b - 3*b + 4*n. Let x = p + b. Calculate the highest common divisor of x and 45.
15
Let c = 113 + -21. Calculate the highest common divisor of c and 46.
46
Suppose -u = 5*i - 67, 2*i = 5*u + 6*i - 314. Suppose n = -5*w + 72, 8*n - 4*n + u = 5*w. Calculate the greatest common divisor of w and 56.
14
Let b(y) = y**3 - 6*y**2 - 4*y - 5. Let j(s) = s + 16. Let v be j(-9). Let x be b(v). Calculate the highest common divisor of 8 and x.
8
Let u(q) = -q**2 - 4*q - 9. Let i be u(-6). Let a = i + 35. What is the highest common divisor of a and 154?
14
Suppose 4*y + 19 = 5*w, 7*w - y = 2*w + 16. Let k be (w/(-4))/(1/(-32)). Let h be (1008/3)/6 + 3 + 1. Calculate the highest common factor of k and h.
12
Let i(v) = -v. Let g be i(3). Let b(x) = -x**2 - 3*x + 4. Let a be b(g). Let s be (-2)/7 - 32/(-14). What is the greatest common factor of s and a?
2
Let l be ((-8)/(-3)*-1)/((-18)/135). What is the greatest common divisor of l and 30?
10
Let p(c) = -9*c**3 - c - 2. Let v be p(-1). Suppose 2*z - v = 0, 4*z - 144 = -4*w + 3*w. Calculate the greatest common divisor of w and 16.
16
Let d(a) = -a**3 - 6*a**2 - 5*a - 6. Let b be d(-6). Let c(u) = 3*u + 33. Let h be c(-9). Calculate the highest common factor of h and b.
6
Let i(m) = 37*m**2 + 3*m - 2. Let s be i(1). Calculate the greatest common factor of s and 19.
19
Suppose 6*j - 40 = 296. What is the highest common divisor of 7 and j?
7
Let h = 28 - 20. Let q(b) = b**2 + b. Let o be q(-3). Let a be 338/o + (-2)/6. Calculate the highest common divisor of a and h.
8
Suppose 3*a + 2*y = 3 - 2, 5 = -5*y. Let s be 5/(a/(-9)*-1). Suppose 4*p + 15 = 5*p. What is the highest common factor of p and s?
15
Let t(o) = -147*o + 4. Let z be t(6). Let f be z/(-5) - 8/(-20). Calculate the greatest common factor of 16 and f.
16
Suppose 0 = 5*w - 2*w - 168. Let l = -38 + w. What is the highest common factor of l and 9?
9
Let n(s) = 6*s. Let v be n(2). Let c(z) = -27*z - 24. Let j be c(-4). Calculate the greatest common divisor of j and v.
12
Let f be (-2 - -1)/(4/(-12)). Let s be (8 + -4)/(2/f). Suppose -s*w + 2*h = -3*w - 305, -2*w - 2*h = -190. Calculate the greatest common divisor of w and 11.
11
Let i(d) = -3*d**3 - 6*d**2 + 5. Let l be i(-5). Suppose 0*n - 5*n + 5*y = -l, -150 = -3*n - 3*y. Calculate the highest common factor of n and 12.
12
Let z be -5 + 7 + 1*14. Let s be 0 + 1 + (13 - 10). What is the greatest common factor of s and z?
4
Let z be (-3)/6 - 90/(-12). Calculate the highest common divisor of 77 and z.
7
Suppose 33 - 89 = -8*g. What is the highest common factor of 21 and g?
7
Suppose 5*s - 168 = 3*h, 94 = 3*s - h + 6*h. What is the greatest common divisor of 3 and s?
3
Let h = 29 - 21. Let g = -1 + 3. Suppose m + g*x = 28, -7 + 3 = 2*x. Calculate the highest common factor of h and m.
8
Let f(g) = 29*g**3 + 2*g**2 + 2*g + 1. Let y be f(-2). Let m = -139 - y. Calculate the highest common divisor of m and 8.
8
Suppose 8 + 42 = 5*s. Suppose -3 = -k + s. Calculate the highest common factor of k and 91.
13
Let n = 4 + 1. Suppose -p - n*d + 79 = 0, 5*d - 107 = -2*p + 41. Calculate the greatest common divisor of 23 and p.
23
Let b = -31 + 14. Let a be (-2)/((-4)/b)*-2. Let h = -142 + 159. Calculate the greatest common divisor of a and h.
17
Let j(n) be the third derivative of n**6/120 - n**5/15 + n**4/6 - 2*n**3/3 - 3*n**2. Let k be j(4). Calculate the greatest common factor of 4 and k.
4
Let u be (-39)/(-4) + 6/24. Calculate the highest common divisor of u and 70.
10
Let f = 59 + -51. What is the greatest common divisor of f and 4?
4
Suppose 0*t - 3*t + 96 = -3*x, 2*t = -3*x + 39. Calculate the greatest common divisor of 18 and t.
9
Suppose 4*a - 189 = -45. Calculate the highest common divisor of 24 and a.
12
Let g be (16/12)/(2/3). Suppose -g*t = t - 9. Suppose -13 + 4 = -t*d. What is the highest common divisor of 12 and d?
3
Let i(o) = o**3 + 5*o**2 - 7*o + 5. Let k be i(-6). Let n = -61 - -94. Calculate the greatest common factor of k and n.
11
Suppose -4*b = -4*c - 40, -7*c + 2*c = 5*b - 80. Let k = -38 - -64. What is the greatest common factor of k and b?
13
Let c = -19 + 27. Suppose -c*j = -4*j. Suppose o = -2*x + 26, -11 = -o + 3*x - j. What is the greatest common factor of o and 4?
4
Let g = 5 - -25. Calculate the greatest common factor of 20 and g.
10
Suppose -2*n + 160 = 2*n. Calculate the greatest common factor of 5 and n.
5
Let w = -5 - -9. Suppose 4*v + 43 = s + 9, -w*v = -16. Calculate the highest common factor of 25 and s.
25
Let o(z) = -2*z - 7. Suppose 3*r - 9 = 0, -r = h + 2 - 0. Let x be o(h). Suppose -5*m - 13 = -u, -x*m + 0*m = -3. What is the highest common factor of u and 36?
18
Let c be 266/63 - 4/18. What is the greatest common divisor of c and 1?
1
Let x be 1 + (-30)/4*-2. What is the greatest common divisor of 40 and x?
8
Suppose 0 = 4*b + 8, 2*z + 3*b - 17 = 27. What is the highest common factor of 5 and z?
5
Let l(j) = 3*j. Let o be l(4). Suppose v + 20 = -v. Let c = 13 + v. What is the highest common factor of o and c?
3
Let n be (14/(-4))/((-1)/22). Calculate the highest common divisor of 7 and n.
7
Let v be (6*(-24)/45)/((-2)/10). What is the highest common factor of v and 112?
16
Suppose 11*j = 13*j - 14. Calculate the greatest common factor of j and 77.
7
Let g(w) = 2*w**2 + w. Let k(b) = b - 1. Let u(z) = g(z) + 5*k(z). Let d be u(7). Suppose 0*h = -5*h + d. What is the greatest common divisor of h and 3?
3
Suppose 5 + 7 = 4*j. Suppose 5*v = -3 + 8. Calculate the highest common divisor of v and j.
1
Suppose -640 = -31*d + 26*d. What is the greatest common divisor of 32 and d?
32
Let x be (-33)/(-12)*36*1. What is the greatest common divisor of x and 11?
11
Let y(w) = -w**2 - 8*w + 9. Let l be y(-8). Calculate the greatest common factor of 3 and l.
3
Let w = 3 - 0. Suppose w*m + 48 = 5*m. What is the gre